is the remainder when 2525148 is divided by 8447?
7942
What is the remainder when 191621 is divided by 2993?
69
What is the remainder when 4457062 is divided by 16325?
337
Calculate the remainder when 3569719 is divided by 1784853.
13
Calculate the remainder when 545217 is divided by 24782.
13
Calculate the remainder when 18701 is divided by 3125.
3076
Calculate the remainder when 32473272 is divided by 3247327.
2
Calculate the remainder when 13579 is divided by 5676.
2227
Calculate the remainder when 1205207 is divided by 602556.
95
What is the remainder when 8714 is divided by 774?
200
What is the remainder when 58096092 is divided by 1109?
18
Calculate the remainder when 162829 is divided by 162787.
42
What is the remainder when 41095955 is divided by 289408?
19
Calculate the remainder when 3096282 is divided by 99880.
2
What is the remainder when 20860278 is divided by 203?
201
Calculate the remainder when 532429966 is divided by 28.
26
Calculate the remainder when 21061374 is divided by 2944.
2942
What is the remainder when 4516356 is divided by 10?
6
What is the remainder when 1553385 is divided by 27?
21
What is the remainder when 1312186 is divided by 1207?
177
What is the remainder when 17358687 is divided by 1089?
27
Calculate the remainder when 691327 is divided by 6115.
332
What is the remainder when 11583859 is divided by 400?
259
What is the remainder when 4899518 is divided by 1633143?
89
Calculate the remainder when 404465 is divided by 12639.
17
What is the remainder when 810146 is divided by 7797?
7055
Calculate the remainder when 48021592 is divided by 102.
94
Calculate the remainder when 495438 is divided by 1534.
1490
What is the remainder when 10894976 is divided by 88577?
5
What is the remainder when 132167 is divided by 11288?
7999
Calculate the remainder when 5415919 is divided by 26038.
15
What is the remainder when 191796 is divided by 389?
19
What is the remainder when 50828748 is divided by 812?
796
Calculate the remainder when 91822204 is divided by 140.
124
What is the remainder when 5406839 is divided by 23?
22
What is the remainder when 712483 is divided by 1320?
1003
What is the remainder when 172376 is divided by 221?
217
What is the remainder when 382281 is divided by 433?
375
What is the remainder when 166485 is divided by 1127?
816
Calculate the remainder when 4688022 is divided by 45961.
0
What is the remainder when 6367165 is divided by 8831?
14
What is the remainder when 608070 is divided by 110?
100
What is the remainder when 299228 is divided by 4461?
341
Calculate the remainder when 26346832 is divided by 91482.
16
What is the remainder when 1312133 is divided by 250?
133
What is the remainder when 21578508 is divided by 608?
588
What is the remainder when 819697 is divided by 414?
391
What is the remainder when 561774886 is divided by 628?
626
What is the remainder when 293168 is divided by 20907?
470
Calculate the remainder when 3330096 is divided by 79.
9
What is the remainder when 666690 is divided by 666437?
253
What is the remainder when 5272919 is divided by 218?
153
Calculate the remainder when 1741154 is divided by 5213.
12
What is the remainder when 198486 is divided by 1807?
1523
What is the remainder when 73214 is divided by 1563?
1316
Calculate the remainder when 59025 is divided by 62.
1
Calculate the remainder when 19190069 is divided by 204.
197
What is the remainder when 52657 is divided by 10159?
1862
Calculate the remainder when 12186281 is divided by 44.
41
Calculate the remainder when 1008616 is divided by 1008599.
17
Calculate the remainder when 230141 is divided by 115032.
77
What is the remainder when 790182 is divided by 1847?
1513
Calculate the remainder when 420440 is divided by 210083.
274
What is the remainder when 484658 is divided by 1250?
908
What is the remainder when 363200 is divided by 36304?
160
Calculate the remainder when 241810 is divided by 606.
16
What is the remainder when 50583 is divided by 2063?
1071
What is the remainder when 1299209 is divided by 112?
9
What is the remainder when 7474728 is divided by 3174?
3132
What is the remainder when 298951 is divided by 86?
15
Calculate the remainder when 4221063 is divided by 986.
983
What is the remainder when 157341 is divided by 1573?
41
Calculate the remainder when 229050 is divided by 546.
276
Calculate the remainder when 3029339 is divided by 1740.
1739
What is the remainder when 591114 is divided by 1489?
1470
Calculate the remainder when 1311160 is divided by 72842.
4
Calculate the remainder when 9334 is divided by 8387.
947
Calculate the remainder when 61199356 is divided by 3102.
3100
What is the remainder when 391109 is divided by 195262?
585
Calculate the remainder when 2516019 is divided by 114338.
583
Calculate the remainder when 110319 is divided by 1699.
1583
What is the remainder when 8492849 is divided by 515?
499
Calculate the remainder when 795065 is divided by 397407.
251
What is the remainder when 231369 is divided by 1057?
943
Calculate the remainder when 4226713 is divided by 1056654.
97
Calculate the remainder when 16655245 is divided by 1850573.
88
What is the remainder when 148103 is divided by 36988?
151
Calculate the remainder when 5339440 is divided by 410.
10
What is the remainder when 384919 is divided by 2187?
7
Calculate the remainder when 526498 is divided by 186.
118
Calculate the remainder when 356866019 is divided by 147.
146
What is the remainder when 255289 is divided by 3752?
153
What is the remainder when 108810943 is divided by 12090104?
7
Calculate the remainder when 367442 is divided by 154.
152
Calculate the remainder when 17216 is divided by 34.
12
Calculate the remainder when 447037 is divided by 427.
395
What is the remainder when 1981601 is divided by 255?
251
What is the remainder when 182054 is divided by 147?
68
Calculate the remainder when 3957943 is divided by 26039.
15
Calculate the remainder when 17101985 is divided by 46.
13
What is the remainder when 23662 is divided by 599?
301
Calculate the remainder when 2315940 is divided by 74.
36
Calculate the remainder when 19655 is divided by 2884.
2351
Calculate the remainder when 335395022 is divided by 13107.
13106
What is the remainder when 9676 is divided by 2355?
256
Calculate the remainder when 170434 is divided by 402.
388
Calculate the remainder when 3216988 is divided by 1184.
60
What is the remainder when 6914553 is divided by 127?
38
Calculate the remainder when 1996968 is divided by 5.
3
What is the remainder when 163053 is divided by 3704?
77
Calculate the remainder when 3386107 is divided by 46.
1
Calculate the remainder when 11905007 is divided by 7656.
7583
What is the remainder when 196104908 is divided by 77?
76
Calculate the remainder when 121288 is divided by 4654.
284
Calculate the remainder when 60501934 is divided by 11.
9
Calculate the remainder when 291802646 is divided by 368.
358
Calculate the remainder when 3255487 is divided by 5063.
5041
What is the remainder when 1557678 is divided by 519224?
6
What is the remainder when 23325 is divided by 2062?
643
Calculate the remainder when 55883 is divided by 164.
123
Calculate the remainder when 20911 is divided by 71.
37
What is the remainder when 431990 is divided by 1764?
1574
What is the remainder when 10669119 is divided by 1333637?
23
What is the remainder when 9431724 is divided by 115?
114
Calculate the remainder when 6484465 is divided by 7033.
39
Calculate the remainder when 4351846 is divided by 27370.
16
Calculate the remainder when 89337307 is divided by 167.
156
What is the remainder when 666205 is divided by 419?
414
What is the remainder when 132425 is divided by 729?
476
What is the remainder when 13203526 is divided by 3911?
3901
What is the remainder when 270067873 is divided by 1393?
1391
Calculate the remainder when 852933409 is divided by 3069.
3067
What is the remainder when 196693079 is divided by 996?
11
What is the remainder when 3493297 is divided by 499041?
10
Calculate the remainder when 334393652 is divided by 33.
32
What is the remainder when 53802780 is divided by 13450690?
20
What is the remainder when 754652 is divided by 7325?
177
Calculate the remainder when 9835 is divided by 484.
155
Calculate the re